he highest common divisor of 341 and 4924319?
31
What is the highest common factor of 125568 and 536934?
654
What is the greatest common divisor of 125875 and 14844187?
1007
Calculate the greatest common divisor of 1938 and 137750133.
969
Calculate the greatest common divisor of 37831190 and 30.
10
Calculate the highest common divisor of 2968 and 895912.
424
Calculate the greatest common divisor of 11 and 157489849.
11
What is the highest common factor of 33741936 and 324?
36
Calculate the highest common factor of 198 and 775037142.
198
What is the greatest common divisor of 2808 and 1076760?
216
Calculate the greatest common factor of 26773 and 73595.
41
What is the highest common factor of 361759810 and 152?
38
Calculate the highest common divisor of 31 and 1442311.
1
What is the highest common factor of 2381 and 280307987?
2381
What is the highest common factor of 8925 and 20145?
255
What is the highest common divisor of 4704 and 537348?
84
Calculate the greatest common factor of 27821739 and 9471.
1353
What is the highest common factor of 19120 and 2518?
2
Calculate the highest common divisor of 45016930 and 161.
7
Calculate the greatest common factor of 14758 and 2482211.
47
What is the greatest common factor of 137255771 and 59?
59
Calculate the greatest common divisor of 32736 and 220534.
62
What is the highest common divisor of 87071316 and 12?
12
What is the highest common factor of 413 and 127119984?
59
What is the greatest common divisor of 384552 and 7650056?
872
What is the greatest common divisor of 73525 and 464525?
425
Calculate the highest common divisor of 3135402 and 372.
186
What is the highest common divisor of 840652 and 35612?
116
Calculate the greatest common factor of 136 and 1805168.
8
What is the greatest common divisor of 3793 and 225270063?
3793
What is the highest common divisor of 94037 and 480483?
271
What is the greatest common divisor of 47310 and 172254?
114
What is the highest common divisor of 1785165568 and 64?
64
What is the greatest common factor of 2563497 and 261?
9
Calculate the greatest common divisor of 82033 and 2485.
7
What is the greatest common divisor of 49715 and 8262145?
305
What is the highest common divisor of 27525852 and 180?
36
Calculate the greatest common divisor of 184 and 10833644.
92
What is the highest common factor of 5993 and 4198532?
13
What is the highest common divisor of 1526 and 20323422?
14
Calculate the highest common factor of 16 and 24441696.
16
Calculate the highest common factor of 3935360 and 500.
20
What is the highest common factor of 472 and 90616?
8
Calculate the greatest common factor of 383804 and 1660916.
1676
What is the greatest common factor of 3795 and 10771728?
759
Calculate the highest common factor of 332735648 and 6944.
6944
What is the greatest common factor of 294250 and 3458026?
2354
Calculate the highest common factor of 16907193 and 45.
9
What is the greatest common divisor of 50081494 and 3824?
478
Calculate the highest common factor of 36 and 217666026.
18
Calculate the greatest common divisor of 356 and 15459478.
178
What is the highest common factor of 14224436 and 34952?
1028
What is the greatest common factor of 2882277 and 27?
27
What is the greatest common factor of 1548360 and 49456?
88
What is the highest common factor of 22544951 and 20683?
481
Calculate the greatest common divisor of 1128 and 216112956.
564
What is the greatest common factor of 2856 and 15582?
42
What is the highest common divisor of 4196 and 4020817?
1049
Calculate the greatest common factor of 16 and 200148040.
8
What is the highest common factor of 1194016 and 5344?
32
What is the greatest common divisor of 68 and 30699790?
34
Calculate the highest common divisor of 171904 and 10586.
158
Calculate the highest common factor of 217873 and 2242.
19
Calculate the greatest common factor of 18739344 and 509.
509
What is the highest common divisor of 313519 and 45733?
551
What is the greatest common factor of 1222780 and 5590?
130
What is the greatest common divisor of 5555 and 112720949?
1111
Calculate the highest common factor of 6069682 and 452.
226
Calculate the greatest common factor of 16624696 and 160512.
1672
What is the greatest common factor of 96 and 1106816352?
96
Calculate the highest common divisor of 318272262 and 231.
231
What is the greatest common factor of 411 and 29718177?
411
Calculate the greatest common divisor of 45636 and 1614.
6
What is the highest common divisor of 480 and 55550160?
240
Calculate the greatest common factor of 719293966 and 292.
146
What is the highest common divisor of 11335 and 16388143?
2267
Calculate the greatest common factor of 2520592 and 49118.
1198
Calculate the greatest common divisor of 11764 and 779518.
34
What is the greatest common factor of 50240 and 139120840?
6280
What is the highest common factor of 9091975 and 4275?
475
What is the greatest common divisor of 527532 and 1636?
4
Calculate the highest common divisor of 19 and 985511.
19
Calculate the highest common divisor of 164 and 6930316.
4
Calculate the greatest common factor of 192 and 4679760.
48
Calculate the greatest common factor of 55 and 40907900.
55
What is the greatest common divisor of 121 and 2284337?
11
What is the highest common factor of 6136 and 87919?
13
Calculate the highest common divisor of 288513 and 29142.
9
What is the highest common factor of 9856 and 27009664?
1408
What is the greatest common factor of 8468743 and 50837?
1753
What is the highest common factor of 427 and 64193962?
7
Calculate the highest common factor of 48 and 319445072.
16
Calculate the highest common factor of 418 and 675686.
22
Calculate the greatest common factor of 12255114 and 304.
38
What is the greatest common divisor of 392530 and 19414?
34
What is the highest common factor of 230 and 419582215?
115
Calculate the highest common divisor of 280236 and 419196.
2316
What is the highest common factor of 24 and 1203349908?
12
Calculate the greatest common factor of 186041736 and 129.
129
Calculate the greatest common divisor of 31 and 568033181.
31
Calculate the greatest common divisor of 67849850 and 7250.
1450
Calculate the greatest common factor of 852 and 10853273.
71
Calculate the highest common divisor of 57 and 1158459.
3
What is the highest common divisor of 145236 and 2070012?
1596
What is the greatest common factor of 261612 and 62946?
234
What is the greatest common factor of 3890 and 16570?
10
Calculate the highest common divisor of 4136 and 7021696.
88
What is the highest common divisor of 41107 and 5128200?
407
What is the highest common divisor of 72 and 45618396?
12
What is the greatest common divisor of 1205 and 43299988?
241
What is the highest common divisor of 92189954 and 2972?
1486
What is the highest common divisor of 14961599 and 1388?
347
Calculate the highest common divisor of 9996 and 23553908.
3332
What is the highest common factor of 14864826 and 114?
6
Calculate the highest common factor of 38 and 517244961.
19
What is the highest common factor of 54194481 and 495?
99
What is the highest common divisor of 40707 and 2844?
9
Calculate the highest common divisor of 1218680 and 2280.
40
What is the greatest common factor of 123747 and 91516?
167
What is the greatest common divisor of 259 and 23671342?
37
Calculate the greatest common divisor of 44 and 520953268.
44
What is the greatest common factor of 138795 and 20083?
19
What is the greatest common factor of 235657 and 20881?
2983
Calculate the highest common factor of 4664 and 256202.
106
What is the highest common factor of 2814955 and 806?
403
What is the highest common factor of 16531 and 3102223991?
16531
What is the highest common factor of 447265845 and 591?
591
What is the highest common factor of 365805 and 2880?
45
What is the highest common factor of 6702 and 10590?
6
Calculate the highest common factor of 4355890 and 137060.
770
What is the greatest common divisor of 3648 and 211635072?
3648
Calculate the highest common factor of 50820 and 44340.
60
What is the highest common factor of 1475328 and 35520?
192
What is the greatest common divisor of 9283328 and 48?
16
What is the greatest common factor of 10658079 and 18?
9
Calculate the greatest common factor of 2126 and 6351